{"id":20,"date":"2013-03-19T17:21:10","date_gmt":"2013-03-19T16:21:10","guid":{"rendered":"http:\/\/web.xbrlfrance.org\/?p=20"},"modified":"2018-07-16T19:40:04","modified_gmt":"2018-07-16T17:40:04","slug":"organisation","status":"publish","type":"page","link":"https:\/\/www.xbrlfrance.org\/?page_id=20","title":{"rendered":"Organisation"},"content":{"rendered":"<p align=\"justify\">La gouvernance d&#8217;XBRL France est effectu\u00e9e au travers de son Assembl\u00e9e G\u00e9n\u00e9rale qui vote en particulier :<\/p>\n<ul>\n<li>L&#8217;\u00e9lection du Conseil d&#8217;Administration qui d\u00e9signe son bureau compos\u00e9 du Pr\u00e9sident, de son ou ses Vice-Pr\u00e9sidents et de son Tr\u00e9sorier<\/li>\n<li>Les modifications des statuts<\/li>\n<li>L&#8217;approbation des rapport moral, des comptes annuels et du budget<\/li>\n<li>Le quitus aux administrateurs<\/li>\n<\/ul>\n<p>XBRL France est aussi gouvern\u00e9e par son Conseil d&#8217;Administration sous la supervision de l&#8217;Assembl\u00e9e G\u00e9n\u00e9rale. Le Conseil d&#8217;Administration est l&#8217;organe de direction et d&#8217;administration de l&#8217;Association<\/p>\n<p>L&#8217;association est administr\u00e9e par un Conseil d&#8217;administration de 6 membres au moins et 14 membres au plus.<\/p>\n<p>Les membres du Conseil d\u2019Administration appartiennent \u00e0 3 coll\u00e8ges diff\u00e9rents :<\/p>\n<ul>\n<li>le Coll\u00e8ge des institutions<\/li>\n<li>le Coll\u00e8ge des utilisateurs<\/li>\n<li>le Coll\u00e8ge des soci\u00e9t\u00e9s de services<\/li>\n<\/ul>\n<p>XBRL France est administr\u00e9e au jour le jour par un secr\u00e9tariat localis\u00e9 dans les locaux du Conseil Sup\u00e9rieur de l&#8217;Ordre des Experts-Comptables.<\/p>\n<p>&nbsp;<\/p>\n<p>&nbsp;<\/p>\n","protected":false},"excerpt":{"rendered":"<p>La gouvernance d&#8217;XBRL France est effectu\u00e9e au travers de son Assembl\u00e9e G\u00e9n\u00e9rale qui vote en particulier : L&#8217;\u00e9lection du Conseil d&#8217;Administration qui d\u00e9signe son bureau compos\u00e9 du Pr\u00e9sident, de son ou ses Vice-Pr\u00e9sidents et de son Tr\u00e9sorier Les modifications des statuts L&#8217;approbation des rapport moral, des comptes annuels et du budget Le quitus aux administrateurs [&hellip;]<\/p>\n","protected":false},"author":1,"featured_media":0,"parent":15,"menu_order":31,"comment_status":"open","ping_status":"open","template":"","meta":{"footnotes":""},"tags":[],"class_list":["post-20","page","type-page","status-publish","hentry"],"_links":{"self":[{"href":"https:\/\/www.xbrlfrance.org\/index.php?rest_route=\/wp\/v2\/pages\/20","targetHints":{"allow":["GET"]}}],"collection":[{"href":"https:\/\/www.xbrlfrance.org\/index.php?rest_route=\/wp\/v2\/pages"}],"about":[{"href":"https:\/\/www.xbrlfrance.org\/index.php?rest_route=\/wp\/v2\/types\/page"}],"author":[{"embeddable":true,"href":"https:\/\/www.xbrlfrance.org\/index.php?rest_route=\/wp\/v2\/users\/1"}],"replies":[{"embeddable":true,"href":"https:\/\/www.xbrlfrance.org\/index.php?rest_route=%2Fwp%2Fv2%2Fcomments&post=20"}],"version-history":[{"count":2,"href":"https:\/\/www.xbrlfrance.org\/index.php?rest_route=\/wp\/v2\/pages\/20\/revisions"}],"predecessor-version":[{"id":417,"href":"https:\/\/www.xbrlfrance.org\/index.php?rest_route=\/wp\/v2\/pages\/20\/revisions\/417"}],"up":[{"embeddable":true,"href":"https:\/\/www.xbrlfrance.org\/index.php?rest_route=\/wp\/v2\/pages\/15"}],"wp:attachment":[{"href":"https:\/\/www.xbrlfrance.org\/index.php?rest_route=%2Fwp%2Fv2%2Fmedia&parent=20"}],"wp:term":[{"taxonomy":"post_tag","embeddable":true,"href":"https:\/\/www.xbrlfrance.org\/index.php?rest_route=%2Fwp%2Fv2%2Ftags&post=20"}],"curies":[{"name":"wp","href":"https:\/\/api.w.org\/{rel}","templated":true}]}}