{"id":203,"date":"2014-01-27T09:50:15","date_gmt":"2014-01-27T08:50:15","guid":{"rendered":"http:\/\/web.xbrlfrance.org\/?p=203"},"modified":"2023-11-13T15:34:01","modified_gmt":"2023-11-13T14:34:01","slug":"niveau-3-avance","status":"publish","type":"page","link":"https:\/\/www.xbrlfrance.org\/?page_id=203","title":{"rendered":"Formation Technologie XBRL conventionnelle"},"content":{"rendered":"<p><a href=\"https:\/\/www.xbrlfrance.org\/wp-content\/uploads\/2022\/09\/Formulaire-dinscription-niveau-avance_17-et-18-novembre-2022.docx\"><img loading=\"lazy\" decoding=\"async\" class=\"alignnone size-medium wp-image-615\" src=\"http:\/\/web.xbrlfrance.org\/wp-content\/uploads\/2018\/07\/INSCRIPTION-300x94.png\" alt=\"\" width=\"300\" height=\"94\" srcset=\"https:\/\/www.xbrlfrance.org\/wp-content\/uploads\/2018\/07\/INSCRIPTION-300x94.png 300w, https:\/\/www.xbrlfrance.org\/wp-content\/uploads\/2018\/07\/INSCRIPTION.png 470w\" sizes=\"auto, (max-width: 300px) 100vw, 300px\" \/><\/a><\/p>\n<p><span style=\"color: #2366a8; font-size: 16px; font-weight: bold;\">Technologie XBRL conventionnelle<\/span><br \/>\n<span style=\"color: #555555; font-size: 14px; font-weight: bold;\">Ma\u00eetriser XBRL et les dimensions<\/span><\/p>\n<div>\n<div style=\"width: 400px; float: left;\">\n<p><strong>Objectifs de la formation<\/strong><\/p>\n<p>Ma\u00eetriser les aspects techniques de XBRL :<\/p>\n<ul>\n<li>Pouvoir comprendre une taxonomie et sa mat\u00e9rialisation (avec des travaux pratiques)<\/li>\n<li>Comprendre comment g\u00e9n\u00e9rer un rapport XBRL conforme (avec des travaux pratiques)<\/li>\n<li>Appr\u00e9hender les int\u00e9r\u00eats de XML et XBRL<\/li>\n<li>Analyser les taxonomies utilis\u00e9es pour la supervision<\/li>\n<\/ul>\n<p><strong>Programme de la formation<\/strong><\/p>\n<ul>\n<li><span style=\"line-height: 1.3em;\">Rappel de la technologie XML<\/span><\/li>\n<li><span style=\"line-height: 1.3em;\">Rappel de la technologie XML Schema dans le cadre de XBRL<\/span><\/li>\n<li><span style=\"line-height: 1.3em;\">XBRL<\/span>\n<ul style=\"padding-top: 0px; margin-top: 0px; list-style-type: circle;\">\n<li><span style=\"line-height: 1.3em;\">L&#8217;historique<\/span><\/li>\n<li><span style=\"line-height: 1.3em;\">Les principes de base<\/span><\/li>\n<li><span style=\"line-height: 1.3em;\">Les \u00e9l\u00e9ments des instances XBRL<\/span><\/li>\n<\/ul>\n<\/li>\n<li><span style=\"line-height: 1.3em;\">Les taxonomies<\/span>\n<ul style=\"padding-top: 0px; margin-top: 0px; list-style-type: circle;\">\n<li>Le sch\u00e9ma XML de la taxonomie<\/li>\n<li><span style=\"line-height: 1.3em;\">L&#8217;utilisation des liens XML (XLink)<\/span><\/li>\n<li><span style=\"line-height: 1.3em;\">Les diff\u00e9rentes bases de liens XBRL (linkbases)\u00a0<\/span><\/li>\n<\/ul>\n<\/li>\n<li><span style=\"line-height: 1.3em;\">Retour sur les instances<\/span>\n<ul style=\"padding-top: 0px; margin-top: 0px; list-style-type: circle;\">\n<li>Le DTS<\/li>\n<li>Les notes (footnotes)<\/li>\n<li>Les extensions<\/li>\n<\/ul>\n<\/li>\n<li><span style=\"line-height: 1.3em;\">Le syst\u00e8me de reporting de la supervision des \u00e9tablissements financiers et d&#8217;assurance en Europe<\/span><\/li>\n<li><span style=\"line-height: 1.3em;\">Les dimensions<\/span>\n<ul style=\"padding-top: 0px; margin-top: 0px; list-style-type: circle;\">\n<li>Besoin<\/li>\n<li>Dimensions, domaines et hypercubes<\/li>\n<li>Inclusions et exclusions<\/li>\n<li>Utilisation des bases de liens de d\u00e9finition pour les dimensions<\/li>\n<li>Montage des taxonomies dimensionnelles<\/li>\n<li>Exemples d&#8217;utilisation des dimensions avec les taxonomies utilis\u00e9es en supervision<\/li>\n<li>Base de liens Table linkbase<\/li>\n<li>M\u00e9canismes utilis\u00e9es en Europe : Extensible Enum\u00e9ration, Assertion severity, indicateurs de remise, DPM, DPM Refit, intervalles et tol\u00e9rance&#8230;<\/li>\n<li>R\u00e8gles de remise (<em>filing rules<\/em>)<\/li>\n<li>R\u00e9ponse aux questions particuli\u00e8res<\/li>\n<\/ul>\n<\/li>\n<\/ul>\n<\/div>\n<div style=\"width: 225px; float: right;\">\n<p><strong style=\"line-height: 1.3em;\">Prochaines dates<\/strong><br \/>\nDeux jours &#8211; \u00e0 la demande &#8211;<br \/>\nnous consulter<\/p>\n<p><strong>Formateur<\/strong><br \/>\n<span style=\"line-height: 1.3em;\"><a href=\"http:\/\/web.xbrlfrance.org\/?page_id=946\">Eric Jarry<\/a>,<br \/>\n<\/span>ancien responsable du p\u00f4le XBRL de la Banque de France, pr\u00e9sident honoraire de XBRL France<\/p>\n<p><strong>Tarifs<\/strong><br \/>\n<span style=\"line-height: 1.3em;\">Membre XBRL : 2 000\u20ac HT<br \/>\n(2 400\u20ac TTC)<\/span><br \/>\n<span style=\"line-height: 1.3em;\">Non membre : 2 400\u20ac HT<br \/>\n(2 880\u20ac TTC)<\/span><\/p>\n<p><strong>Lieu<\/strong><br \/>\nParis ou sur site<\/p>\n<p><strong>Contact<\/strong><br \/>\n<span style=\"line-height: 1.3em;\">Corinne Laurie<\/span><br \/>\n<span style=\"line-height: 1.3em;\">T\u00e9l : 01 47 50 00 50 &#8211;<br \/>\n06 32 24 66 39<\/span><br \/>\n<span style=\"line-height: 1.3em;\">Email : <a href=\"mailto:corinne.laurie@xbrlfrance.org\">corinne.laurie@xbrlfrance.org<\/a><\/span><\/p>\n<\/div>\n<div style=\"width: 100%; float: right;\">\n<hr style=\"border: 0px currentColor; height: 1px; color: #2366a8; margin-top: 10px; margin-bottom: 10px; background-color: #2366a8;\" \/>\n<p><strong style=\"line-height: 1.3em;\">A qui s&#8217;adresse cette formation ?<\/strong><\/p>\n<p><span style=\"line-height: 1.3em;\">Tout technicien informatique susceptible d&#8217;\u00eatre confront\u00e9 \u00e0 la technologie XBRL : urbanistes, architectes, chefs de projet, d\u00e9veloppeurs, intervenants dans le reporting&#8230;<\/span><\/p>\n<hr style=\"border: 0px currentColor; height: 1px; color: #2366a8; margin-top: 10px; margin-bottom: 10px; background-color: #2366a8;\" \/>\n<\/div>\n<\/div>\n","protected":false},"excerpt":{"rendered":"<p>Technologie XBRL conventionnelle Ma\u00eetriser XBRL et les dimensions Objectifs de la formation Ma\u00eetriser les aspects techniques de XBRL : Pouvoir comprendre une taxonomie et sa mat\u00e9rialisation (avec des travaux pratiques) Comprendre comment g\u00e9n\u00e9rer un rapport XBRL conforme (avec des travaux pratiques) Appr\u00e9hender les int\u00e9r\u00eats de XML et XBRL Analyser les taxonomies utilis\u00e9es pour la supervision [&hellip;]<\/p>\n","protected":false},"author":1,"featured_media":0,"parent":100,"menu_order":13,"comment_status":"open","ping_status":"open","template":"","meta":{"footnotes":""},"tags":[],"class_list":["post-203","page","type-page","status-publish","hentry"],"_links":{"self":[{"href":"https:\/\/www.xbrlfrance.org\/index.php?rest_route=\/wp\/v2\/pages\/203","targetHints":{"allow":["GET"]}}],"collection":[{"href":"https:\/\/www.xbrlfrance.org\/index.php?rest_route=\/wp\/v2\/pages"}],"about":[{"href":"https:\/\/www.xbrlfrance.org\/index.php?rest_route=\/wp\/v2\/types\/page"}],"author":[{"embeddable":true,"href":"https:\/\/www.xbrlfrance.org\/index.php?rest_route=\/wp\/v2\/users\/1"}],"replies":[{"embeddable":true,"href":"https:\/\/www.xbrlfrance.org\/index.php?rest_route=%2Fwp%2Fv2%2Fcomments&post=203"}],"version-history":[{"count":33,"href":"https:\/\/www.xbrlfrance.org\/index.php?rest_route=\/wp\/v2\/pages\/203\/revisions"}],"predecessor-version":[{"id":2320,"href":"https:\/\/www.xbrlfrance.org\/index.php?rest_route=\/wp\/v2\/pages\/203\/revisions\/2320"}],"up":[{"embeddable":true,"href":"https:\/\/www.xbrlfrance.org\/index.php?rest_route=\/wp\/v2\/pages\/100"}],"wp:attachment":[{"href":"https:\/\/www.xbrlfrance.org\/index.php?rest_route=%2Fwp%2Fv2%2Fmedia&parent=203"}],"wp:term":[{"taxonomy":"post_tag","embeddable":true,"href":"https:\/\/www.xbrlfrance.org\/index.php?rest_route=%2Fwp%2Fv2%2Ftags&post=203"}],"curies":[{"name":"wp","href":"https:\/\/api.w.org\/{rel}","templated":true}]}}