{"id":26,"date":"2013-03-19T17:29:11","date_gmt":"2013-03-19T16:29:11","guid":{"rendered":"http:\/\/web.xbrlfrance.org\/?p=26"},"modified":"2026-03-08T17:49:01","modified_gmt":"2026-03-08T16:49:01","slug":"comment-devenir-membre","status":"publish","type":"page","link":"https:\/\/www.xbrlfrance.org\/?page_id=26","title":{"rendered":"Comment adh\u00e9rer ?"},"content":{"rendered":"<p>Les conditions financi\u00e8res d&#8217;adh\u00e9sion sont les suivantes:<\/p>\n<table border=\"1\" cellspacing=\"0\" cellpadding=\"0\" align=\"center\">\n<tbody>\n<tr>\n<td style=\"width: 73px; height: 33px;\">\n<p align=\"center\"><strong>Cat\u00e9gorie<\/strong><\/p>\n<\/td>\n<td style=\"width: 393px; height: 33px;\">\n<p align=\"center\"><strong>Membres de la cat\u00e9gorie<\/strong><\/p>\n<\/td>\n<td style=\"width: 124px; height: 33px;\">\n<p align=\"center\"><strong>Montant de la cotisation<br \/>\nannuelle <\/strong><\/p>\n<\/td>\n<\/tr>\n<tr>\n<td style=\"width: 73px; height: 33px;\">\n<p align=\"center\">(A)<\/p>\n<\/td>\n<td style=\"width: 393px;\"><strong>Soci\u00e9t\u00e9 &#8220;Premium&#8221;<\/strong><br \/>\nLes membres \u00ab Premium \u00bb b\u00e9n\u00e9ficient de droits leurs permettant de renforcer leur visibilit\u00e9 en associant leur entreprise aux actions de l\u2019association : petits-d\u00e9jeuners et autres manifestations que l\u2019association organise r\u00e9guli\u00e8rement.<\/td>\n<td style=\"width: 124px; height: 33px;\">\n<p style=\"text-align: center;\"><strong>4 500 \u20ac HT<\/strong><\/p>\n<\/td>\n<\/tr>\n<tr>\n<td style=\"width: 73px; height: 33px;\">\n<p align=\"center\">(B)<\/p>\n<\/td>\n<td style=\"width: 393px; height: 33px;\"><strong>Soci\u00e9t\u00e9 CA N-1 &gt;= 1,5 M\u20ac<\/strong><br \/>\nCette cotisation donne acc\u00e8s \u00e0 la participation aux groupes de travail, aux manifestations et elle permet \u00e9galement d\u2019acc\u00e9der \u00e0 toutes les informations sur le site internet.<\/td>\n<td style=\"width: 124px; height: 33px;\"><span style=\"display: none;\">\u00a0<\/span><\/p>\n<p style=\"text-align: center;\"><em>\u00a0<\/em><\/p>\n<p><span style=\"display: none;\">\u00a0<\/span><\/p>\n<p style=\"text-align: center;\"><strong><span id=\"cke_bm_108S\" style=\"display: none;\">\u00a0<\/span>3 000 \u20ac HT<\/strong><span id=\"cke_bm_108E\" style=\"display: none;\">\u00a0<\/span><\/p>\n<p align=\"right\">\n<\/td>\n<\/tr>\n<tr>\n<td style=\"width: 73px; height: 33px;\">\n<p align=\"center\">(C)<\/p>\n<\/td>\n<td style=\"width: 393px; height: 33px;\"><strong>Soci\u00e9t\u00e9 CA N-1 &lt; 1,5 M\u20ac<\/strong><br \/>\nCette cotisation donne acc\u00e8s \u00e0 la participation aux groupes de travail, aux manifestations et elle permet \u00e9galement d\u2019acc\u00e9der \u00e0 toutes les informations sur le site internet.<\/td>\n<td style=\"width: 124px; height: 33px;\">\n<p style=\"text-align: center;\"><strong>1 500 \u20ac HT<\/strong><\/p>\n<p align=\"right\">\n<\/td>\n<\/tr>\n<tr>\n<td style=\"width: 73px; height: 33px;\">\n<p align=\"center\">(D)<\/p>\n<\/td>\n<td style=\"width: 393px; height: 33px;\"><strong>Institutionnel<\/strong><br \/>\nLes membres institutionnels disposent de droits renforc\u00e9s dans la gouvernance de l\u2019association<\/td>\n<td style=\"width: 124px; height: 33px;\">\n<p style=\"text-align: center;\"><strong>4 500 \u20ac HT<\/strong><\/p>\n<p align=\"right\">\n<\/td>\n<\/tr>\n<tr>\n<td style=\"width: 73px; height: 33px;\">\n<p align=\"center\">(E)<\/p>\n<\/td>\n<td style=\"width: 393px; height: 33px;\"><strong>Association &gt; 100 membres physique ou &gt; 20 st\u00e9s<\/strong><\/td>\n<td style=\"width: 124px; height: 33px;\">\n<p style=\"text-align: center;\"><strong>2 000 \u20ac HT<\/strong><\/p>\n<p align=\"right\">\n<\/td>\n<\/tr>\n<tr>\n<td style=\"width: 73px; height: 33px;\">\n<p align=\"center\">(F)<\/p>\n<\/td>\n<td style=\"width: 393px; height: 33px;\"><strong>Association &lt; 100 membres physiques ou &lt; 20 soci\u00e9t\u00e9s<\/strong><\/td>\n<td style=\"width: 124px; height: 33px;\">\n<p style=\"text-align: center;\"><strong>1 000 \u20ac HT<\/strong><\/p>\n<\/td>\n<\/tr>\n<tr>\n<td style=\"width: 73px; height: 33px;\">\n<p align=\"center\">(G)<\/p>\n<\/td>\n<td style=\"width: 393px; height: 33px;\"><strong>Individuel<\/strong>\u00a0; accept\u00e9 apr\u00e8s approbation du Conseil d\u2019Administration<span style=\"font-size: 9px;\"><em>R\u00e9serv\u00e9 aux personnalit\u00e9s reconnues et m\u00e9diatiques dans leurs secteurs, aux universitaires ainsi qu\u2019aux retrait\u00e9s voulant rester dans le secteur<\/em><\/span><\/td>\n<td style=\"width: 124px; height: 33px;\">\n<p style=\"text-align: center;\"><strong>200 \u20ac HT<\/strong><\/p>\n<\/td>\n<\/tr>\n<\/tbody>\n<\/table>\n<div style=\"clear: both;\"><\/div>\n<p>Pour adh\u00e9rer, t\u00e9l\u00e9chargez le <a href=\"https:\/\/www.xbrlfrance.org\/wp-content\/uploads\/2026\/03\/bulletin_adhesion_2026_xbrlfrance.docx\">bulletin d&#8217;adh\u00e9sion<\/a> et renvoyez-le sign\u00e9 par <a href=\"mailto:corinne.laurie@xbrlfrance.org\">email<\/a> de pr\u00e9f\u00e9rence ou \u00e0 XBRL France, 200-216 rue Raymond Losserand, 75014 PARIS.<\/p>\n<p>Pour plus d\u2019informations, n\u2019h\u00e9sitez pas \u00e0 contacter Corinne Laurie par <a href=\"mailto:corinne.laurie@xbrlfrance.org\">mail\u00a0<\/a><\/p>\n","protected":false},"excerpt":{"rendered":"<p>Les conditions financi\u00e8res d&#8217;adh\u00e9sion sont les suivantes: Cat\u00e9gorie Membres de la cat\u00e9gorie Montant de la cotisation annuelle (A) Soci\u00e9t\u00e9 &#8220;Premium&#8221; Les membres \u00ab Premium \u00bb b\u00e9n\u00e9ficient de droits leurs permettant de renforcer leur visibilit\u00e9 en associant leur entreprise aux actions de l\u2019association : petits-d\u00e9jeuners et autres manifestations que l\u2019association organise r\u00e9guli\u00e8rement. 4 500 \u20ac HT [&hellip;]<\/p>\n","protected":false},"author":1,"featured_media":0,"parent":24,"menu_order":28,"comment_status":"open","ping_status":"closed","template":"","meta":{"footnotes":""},"tags":[],"class_list":["post-26","page","type-page","status-publish","hentry"],"_links":{"self":[{"href":"https:\/\/www.xbrlfrance.org\/index.php?rest_route=\/wp\/v2\/pages\/26","targetHints":{"allow":["GET"]}}],"collection":[{"href":"https:\/\/www.xbrlfrance.org\/index.php?rest_route=\/wp\/v2\/pages"}],"about":[{"href":"https:\/\/www.xbrlfrance.org\/index.php?rest_route=\/wp\/v2\/types\/page"}],"author":[{"embeddable":true,"href":"https:\/\/www.xbrlfrance.org\/index.php?rest_route=\/wp\/v2\/users\/1"}],"replies":[{"embeddable":true,"href":"https:\/\/www.xbrlfrance.org\/index.php?rest_route=%2Fwp%2Fv2%2Fcomments&post=26"}],"version-history":[{"count":17,"href":"https:\/\/www.xbrlfrance.org\/index.php?rest_route=\/wp\/v2\/pages\/26\/revisions"}],"predecessor-version":[{"id":3798,"href":"https:\/\/www.xbrlfrance.org\/index.php?rest_route=\/wp\/v2\/pages\/26\/revisions\/3798"}],"up":[{"embeddable":true,"href":"https:\/\/www.xbrlfrance.org\/index.php?rest_route=\/wp\/v2\/pages\/24"}],"wp:attachment":[{"href":"https:\/\/www.xbrlfrance.org\/index.php?rest_route=%2Fwp%2Fv2%2Fmedia&parent=26"}],"wp:term":[{"taxonomy":"post_tag","embeddable":true,"href":"https:\/\/www.xbrlfrance.org\/index.php?rest_route=%2Fwp%2Fv2%2Ftags&post=26"}],"curies":[{"name":"wp","href":"https:\/\/api.w.org\/{rel}","templated":true}]}}