{"id":3246,"date":"2025-01-18T16:37:32","date_gmt":"2025-01-18T15:37:32","guid":{"rendered":"https:\/\/www.xbrlfrance.org\/?page_id=3246"},"modified":"2026-04-03T16:54:33","modified_gmt":"2026-04-03T14:54:33","slug":"agenda-des-reunions-xbrl-france","status":"publish","type":"page","link":"https:\/\/www.xbrlfrance.org\/?page_id=3246","title":{"rendered":"AGENDA DES R\u00c9UNIONS XBRL France"},"content":{"rendered":"\n<p>\u00a0<\/p>\n<p>\u00a0<\/p>\n<p><br \/><br \/><\/p>\n<p>\u00a0<\/p>\n<ul>\n<li>Mardi 14 avril 2025 &#8211; de 16h \u00e0 17h30 &#8211; <a href=\"https:\/\/www.xbrlfrance.org\/?page_id=1469\">GT Mapping ESEF pCBCR<\/a><\/li>\n<li>Jeudi 9 avril 2026 &#8211; de 14h30 \u00e0 15h30 &#8211; <a href=\"https:\/\/web.xbrlfrance.org\/?page_id=268\">GT Banque<\/a><\/li>\n<li>Jeudi 16 avril 2026 &#8211; de 11h \u00e0 12h &#8211; CA XBRL France &#8211; <em>r\u00e9serv\u00e9 aux membres du CA<\/em><\/li>\n<li>Jeudi 16 avril 2026 &#8211; de 14h30 \u00e0 16h &#8211; <a href=\"https:\/\/www.xbrlfrance.org\/?page_id=2821\">GT ESG Durabilit\u00e9<\/a><\/li>\n<li>Jeudi 4 juin 2026 &#8211; de 14h \u00e0 15h30 &#8211; <a href=\"https:\/\/www.xbrlfrance.org\/?page_id=1469\">GT Mapping ESEF-IFRS<\/a><\/li>\n<li>26 mai 2026 \u00e0 16h &#8211; AG XBRL France<\/li>\n<li>18 et 19 novembre 2026 &#8211; Conf\u00e9rence XBRL France \u00e0 la CNCC<\/li>\n<\/ul>\n\n\n\n\n\n\n","protected":false},"excerpt":{"rendered":"<p>\u00a0 \u00a0 \u00a0 Mardi 14 avril 2025 &#8211; de 16h \u00e0 17h30 &#8211; GT Mapping ESEF pCBCR Jeudi 9 avril 2026 &#8211; de 14h30 \u00e0 15h30 &#8211; GT Banque Jeudi 16 avril 2026 &#8211; de 11h \u00e0 12h &#8211; CA XBRL France &#8211; r\u00e9serv\u00e9 aux membres du CA Jeudi 16 avril 2026 &#8211; de 14h30 [&hellip;]<\/p>\n","protected":false},"author":1,"featured_media":0,"parent":27,"menu_order":0,"comment_status":"closed","ping_status":"closed","template":"","meta":{"footnotes":""},"tags":[50],"class_list":["post-3246","page","type-page","status-publish","hentry","tag-esg"],"_links":{"self":[{"href":"https:\/\/www.xbrlfrance.org\/index.php?rest_route=\/wp\/v2\/pages\/3246","targetHints":{"allow":["GET"]}}],"collection":[{"href":"https:\/\/www.xbrlfrance.org\/index.php?rest_route=\/wp\/v2\/pages"}],"about":[{"href":"https:\/\/www.xbrlfrance.org\/index.php?rest_route=\/wp\/v2\/types\/page"}],"author":[{"embeddable":true,"href":"https:\/\/www.xbrlfrance.org\/index.php?rest_route=\/wp\/v2\/users\/1"}],"replies":[{"embeddable":true,"href":"https:\/\/www.xbrlfrance.org\/index.php?rest_route=%2Fwp%2Fv2%2Fcomments&post=3246"}],"version-history":[{"count":30,"href":"https:\/\/www.xbrlfrance.org\/index.php?rest_route=\/wp\/v2\/pages\/3246\/revisions"}],"predecessor-version":[{"id":3812,"href":"https:\/\/www.xbrlfrance.org\/index.php?rest_route=\/wp\/v2\/pages\/3246\/revisions\/3812"}],"up":[{"embeddable":true,"href":"https:\/\/www.xbrlfrance.org\/index.php?rest_route=\/wp\/v2\/pages\/27"}],"wp:attachment":[{"href":"https:\/\/www.xbrlfrance.org\/index.php?rest_route=%2Fwp%2Fv2%2Fmedia&parent=3246"}],"wp:term":[{"taxonomy":"post_tag","embeddable":true,"href":"https:\/\/www.xbrlfrance.org\/index.php?rest_route=%2Fwp%2Fv2%2Ftags&post=3246"}],"curies":[{"name":"wp","href":"https:\/\/api.w.org\/{rel}","templated":true}]}}