{"id":78,"date":"2013-03-25T16:45:37","date_gmt":"2013-03-25T15:45:37","guid":{"rendered":"http:\/\/web.xbrlfrance.org\/?p=78"},"modified":"2026-02-10T17:56:57","modified_gmt":"2026-02-10T16:56:57","slug":"evenements-passes","status":"publish","type":"page","link":"https:\/\/www.xbrlfrance.org\/?page_id=78","title":{"rendered":"Ev\u00e9nements pass\u00e9s"},"content":{"rendered":"<p>XBRL France a organis\u00e9 ou particip\u00e9 aux \u00e9v\u00e9nements ci-dessous. Retrouvez les pr\u00e9sentations communiqu\u00e9es.<\/p>\n<ul>\n<li>Jeudi 11 d\u00e9cembre 2025 &#8211; <a href=\"https:\/\/www.xbrlfrance.org\/?p=3621\">Data Amplified Virtual<\/a><\/li>\n<li>Mercredi 19 novembre 2025 &#8211; <a href=\"https:\/\/www.xbrlfrance.org\/?p=3371\">Conf\u00e9rence annuelle XBRL France \u00e0 la CNCC<\/a><\/li>\n<li><a href=\"https:\/\/www.xbrleurope.org\/?p=7493\">3-5 June 2025 &#8211; Digital reporting in Europe in Frankfurt, organized by Eurofiling and XBRL Europe<\/a>.<\/li>\n<li><a href=\"https:\/\/www.xbrlfrance.org\/?p=2902\">9 d\u00e9cembre 2024 &#8211; Conf\u00e9rence annuelle XBRL France &#8211; &#8220;<strong>R<\/strong>apports digitaux, \u00e9volutions 2025 :\u00a0<\/a>ESEF-CSRD, IREF\u2026&#8221;<\/li>\n<li><a href=\"http:\/\/www.dataamplified.org\/\">Data Amplified 2024 \u2013 XBRL International \u2013 19-21 November, 2024 \u2013 Madrid<\/a><\/li>\n<li><a href=\"https:\/\/www.xbrlfrance.org\/?p=2837\">Webinaire sur la \u00ab Pr\u00e9paration des Comptes IFRS pour faciliter leur Publication Digitale \u00bb &#8211; 1er octobre 2024 de 11h30 \u00e0 13h<\/a>.<\/li>\n<li><a href=\"https:\/\/www.xbrleurope.org\/?p=6631\">32nd XBRL EUROPE DAY IN VALLETTA (MALTA) \u2013 23-24 may 2024<\/a> \u2013<\/li>\n<li><a href=\"https:\/\/www.xbrlfrance.org\/?p=2211\">11 d\u00e9cembre 2023 &#8211; Conf\u00e9rence annuelle XBRL France &#8211; &#8220;Reportings : CAP 2024&#8221;<\/a><\/li>\n<li><a href=\"https:\/\/www.xbrleurope.org\/?p=6074\">22 \u2013 23 May 2023 \u2013 31st XBRL Europe Day in Rome (Italy)<\/a><\/li>\n<li>15 november 2022 \u2013 <strong><a href=\"https:\/\/www.xbrleurope.org\/?p=5945\">ESEF: Block tagging and the way forwards<\/a>\u00a0\u2013\u00a0<a href=\"https:\/\/register.gotowebinar.com\/register\/8457129407026165516\">Registration<\/a><\/strong><\/li>\n<li><a class=\"first\" href=\"https:\/\/www.xbrleurope.org\/?p=5268\">13-14 June 2022 \u2013 30th XBRL Europe Conference in Paris (France)<\/a><\/li>\n<li>23-24 june 2021 &#8211; <a href=\"https:\/\/www.xbrlfrance.org\/?p=1706\">28th XBRL Europe Digital Week<\/a><\/li>\n<li><em>27-29th avril \u2013 <a href=\"https:\/\/www.xbrleurope.org\/?p=4215\">27th XBRL Europ Digital Week on ESEF<\/a><\/em><\/li>\n<li><em>2<\/em><em>7 avril 2021 \u2013 <a href=\"https:\/\/www.xbrleurope.org\/?p=4246\">XBRL Europe digital event on ESEF 1st remittances<\/a><\/em><\/li>\n<li><em>28 avril 2021<\/em>\u00a0\u2013\u00a0<em><a class=\"first\" href=\"https:\/\/www.xbrlfrance.org\/?p=1379\">Ev\u00e9nement num\u00e9rique XBRL France sur les 1\u00e8res remises ESEF<\/a><\/em><\/li>\n<li><em>14-16 avril 2021 \u2013\u00a0<\/em><em>Data Amplified Virtuel \u2013 <a href=\"https:\/\/web.cvent.com\/event\/27911b88-ed4b-42d6-92c4-03b8df903d2d\/\">Registration\u00a0<\/a><\/em><\/li>\n<li>1-4 December 2020 &#8211;\u00a0<a href=\"https:\/\/www.xbrleurope.org\/?p=3831\"> 26th XBRL Europe &amp; national XBRL jurisdictions Digital week on ESEF<\/a><\/li>\n<li><a href=\"https:\/\/www.xbrleurope.org\/?p=3112\">15 au 18 juin 2020 &#8211; 25th XBRL Europe Digital Week<\/a><\/li>\n<li><a href=\"http:\/\/web.xbrlfrance.org\/?p=884\">17 d\u00e9cembre 2019 &#8211; Conf\u00e9rence annuelle XBRL France<\/a><\/li>\n<li><a href=\"http:\/\/www.xbrleurope.org\/?p=2302\">28 et 29 mai 2019 &#8211; 23\u00e8me XBRL Europe Day \u00e0 Paris<\/a><\/li>\n<li><a href=\"http:\/\/www.xbrlfrance.org\/?page_id=74\">14 f\u00e9vrier 2019, Paris, 19 rue Cognacq-Jay \u2013 r\u00e9union du GT Assurance XBRL France<\/a><\/li>\n<li><a href=\"http:\/\/www.xbrleurope.org\/?p=1414\">7 et 8 f\u00e9vrier 2019, Rome \u2013 Italie \u2013 22nd XBRL Europe Day<\/a><\/li>\n<li><a href=\"http:\/\/web.xbrlfrance.org\/?p=459\">Conf\u00e9rence annuelle XBRL France &#8211; 6 d\u00e9cembre 2018, Paris<\/a><\/li>\n<li><a href=\"http:\/\/web.xbrlfrance.org\/?p=336\">Conf\u00e9rence Annuelle &#8220;Donn\u00e9es financi\u00e8res : enjeux et perspectives 2017&#8221;<\/a> &#8211; 21 septembre 2017<\/li>\n<li><a href=\"http:\/\/web.xbrlfrance.org\/?p=300\">Petit d\u00e9jeuner sur le th\u00e8me : &#8220;Reporting des soci\u00e9t\u00e9s cot\u00e9es \/ Projet ESMA&#8221;<\/a> &#8211; 20 juin 2017<\/li>\n<li><a href=\"http:\/\/web.xbrlfrance.org\/?p=289\">Conf\u00e9rence Annuelle &#8220;Le reporting r\u00e9glementai<\/a><a href=\"http:\/\/xbrlfrance.org\/evenements\/evenements-passes\/78-dernieres-infos\/131-retrouvez-les-presentations-de-la-conference-annuelle-xbrl-france-du-5-decembre-2016\">re&#8221; <\/a>&#8211; 5 d\u00e9cembre 2016<\/li>\n<li><a href=\"http:\/\/web.xbrlfrance.org\/?p=254\">Petit d\u00e9jeuner sur le th\u00e8me &#8220;Les d\u00e9veloppements du standard XBRL en France et en Europe&#8221;<\/a> &#8211; 14 juin 2016<\/li>\n<li><a href=\"http:\/\/www.xbrlfrance.org\/events\/solvency2-conference-2015\/enbref.html\" target=\"_blank\" rel=\"noopener noreferrer\">Conf\u00e9rence Annuelle Solvabilit\u00e9 II<\/a> &#8211; 5 Novembre 2015, Paris<\/li>\n<li><a href=\"http:\/\/web.xbrlfrance.org\/?p=227\">Directive Transparence \u2022 Quel impact pour les analystes financiers ? <\/a>&#8211; 17 d\u00e9cembre 2014, Paris<\/li>\n<li><a href=\"http:\/\/web.xbrlfrance.org\/?p=224\">Reporting Solvabilit\u00e9 II 2 \u2022 Bilan des premi\u00e8res d\u00e9clarations \u00e0 l&#8217;ACPR<\/a> &#8211; 21 octobre 2014, Paris<\/li>\n<li><a href=\"http:\/\/web.xbrlfrance.org\/?p=196\">Conf\u00e9rence Francophone XBRL Solvabilit\u00e9 II<\/a> &#8211; 3 avril 2014, Paris<\/li>\n<li><a href=\"http:\/\/web.xbrlfrance.org\/?p=129\">Petit d\u00e9jeuner sur le th\u00e8me &#8220;Reporting CRD IV &#8211; A quoi s&#8217;attendre ?&#8221;<\/a><\/li>\n<li><a title=\"Conf\u00e9rence CRD IV du 17 Juin \u00e0 Londres - Inscrivez vous\" href=\"http:\/\/web.xbrlfrance.org\/?p=103\">11\u00e8me journ\u00e9e XBRL Europe<\/a> &#8211; Londres 18 juin 2013 dans les locaux de la FCA (Financial Conduct Authority) Canary Wharf<\/li>\n<li><a title=\"2012-10-23 - Conf\u00e9rence Solvabilit\u00e9 II au Centre de conf\u00e9rence St Honor\u00e9\" href=\"http:\/\/web.xbrlfrance.org\/?p=474\">Conf\u00e9rence Solvabilit\u00e9 2<\/a> &#8211; Centre de conf\u00e9rences Saint Honor\u00e9, Paris &#8211; 23 octobre 2012<\/li>\n<\/ul>\n","protected":false},"excerpt":{"rendered":"<p>XBRL France a organis\u00e9 ou particip\u00e9 aux \u00e9v\u00e9nements ci-dessous. Retrouvez les pr\u00e9sentations communiqu\u00e9es. Jeudi 11 d\u00e9cembre 2025 &#8211; Data Amplified Virtual Mercredi 19 novembre 2025 &#8211; Conf\u00e9rence annuelle XBRL France \u00e0 la CNCC 3-5 June 2025 &#8211; Digital reporting in Europe in Frankfurt, organized by Eurofiling and XBRL Europe. 9 d\u00e9cembre 2024 &#8211; Conf\u00e9rence annuelle [&hellip;]<\/p>\n","protected":false},"author":1,"featured_media":0,"parent":75,"menu_order":3,"comment_status":"open","ping_status":"open","template":"","meta":{"footnotes":""},"tags":[],"class_list":["post-78","page","type-page","status-publish","hentry"],"_links":{"self":[{"href":"https:\/\/www.xbrlfrance.org\/index.php?rest_route=\/wp\/v2\/pages\/78","targetHints":{"allow":["GET"]}}],"collection":[{"href":"https:\/\/www.xbrlfrance.org\/index.php?rest_route=\/wp\/v2\/pages"}],"about":[{"href":"https:\/\/www.xbrlfrance.org\/index.php?rest_route=\/wp\/v2\/types\/page"}],"author":[{"embeddable":true,"href":"https:\/\/www.xbrlfrance.org\/index.php?rest_route=\/wp\/v2\/users\/1"}],"replies":[{"embeddable":true,"href":"https:\/\/www.xbrlfrance.org\/index.php?rest_route=%2Fwp%2Fv2%2Fcomments&post=78"}],"version-history":[{"count":36,"href":"https:\/\/www.xbrlfrance.org\/index.php?rest_route=\/wp\/v2\/pages\/78\/revisions"}],"predecessor-version":[{"id":3788,"href":"https:\/\/www.xbrlfrance.org\/index.php?rest_route=\/wp\/v2\/pages\/78\/revisions\/3788"}],"up":[{"embeddable":true,"href":"https:\/\/www.xbrlfrance.org\/index.php?rest_route=\/wp\/v2\/pages\/75"}],"wp:attachment":[{"href":"https:\/\/www.xbrlfrance.org\/index.php?rest_route=%2Fwp%2Fv2%2Fmedia&parent=78"}],"wp:term":[{"taxonomy":"post_tag","embeddable":true,"href":"https:\/\/www.xbrlfrance.org\/index.php?rest_route=%2Fwp%2Fv2%2Ftags&post=78"}],"curies":[{"name":"wp","href":"https:\/\/api.w.org\/{rel}","templated":true}]}}